the tens digit of 2 + 7 + (0 - h)?
1
Suppose -6*w + w = 0. Let i(h) = -7*h + 8 - 2 + h**2 + w*h**2. What is the units digit of i(7)?
6
Suppose -4*i = 2*q - 60, 24 + 12 = 2*i + 4*q. Let v be 68/16 + (-2)/8. Suppose 5*k + 3*a = -0*a + 35, v*a = 2*k - i. What is the units digit of k?
7
Suppose -4 = -5*x + 3*s, 3*x = -2*x - 2*s - 11. What is the units digit of (-1 - -2)*x + 2?
1
Let a be -46*(27/(-6) - -4). Suppose -3 - a = -2*x. What is the units digit of x?
3
Let s be 6/(-27) + 20/9. Suppose -y = -s*y + 5. Suppose -y*j + j = -16. What is the units digit of j?
4
What is the units digit of (-536)/(-14) - 6/21?
8
Let u be -4 - 3/(-6)*0. What is the units digit of (u/(-6))/(1/3)?
2
Let f(p) be the third derivative of p**4/24 + p**3/2 + 3*p**2. Let g be f(0). Suppose -3*o = -0*o - g. What is the units digit of o?
1
Suppose -4*u - 1 = -33. Suppose -20 = -3*x - u. What is the units digit of x?
4
Let k(h) = 3*h + 5. Let l be 10/6*3 - -2. Suppose -5*u + 13 + l = 0. What is the tens digit of k(u)?
1
Let b(c) = -2*c**2 + 2*c - 1. Let n be b(4). Let d be 4*(n/(-4))/5. Suppose 0*k - 10 = -k + 3*w, -d*k + 38 = -3*w. What is the units digit of k?
7
Suppose -5*c + 3*z + 44 = -126, 0 = z. What is the units digit of c?
4
Let h = -74 + 39. Let n = -11 - h. What is the units digit of n?
4
Let i(v) = 9*v**3 + 16*v**2 - 12*v + 18. Let x(m) = 5*m**3 + 8*m**2 - 6*m + 9. Let f(g) = 6*i(g) - 11*x(g). What is the tens digit of f(7)?
1
Let v(g) be the second derivative of -5*g**3/6 - 2*g. Let f be v(-3). Suppose -f - 45 = -4*s. What is the tens digit of s?
1
Suppose 0 = s - 5 - 18. Let g = s + -16. What is the units digit of g?
7
Let i = -3 - -17. Suppose b - i + 2 = 0. Let o = -7 + b. What is the units digit of o?
5
Let a(y) = y**2 - 6*y - 12. What is the tens digit of a(10)?
2
Let g = 141 - 66. What is the units digit of g?
5
Let f be 2/3 + (-812)/12. Let u = -41 - f. What is the tens digit of u?
2
Let v(h) = -h**2 - 5*h - 4. Let p be v(-3). Suppose r - 45 = -p*r. What is the tens digit of r?
1
Let y = 7 + -7. Suppose -4*b + 3*p + 35 = -y*p, -2*p = 10. What is the units digit of b?
5
Suppose 2*q = 3*i - 12, 5*q + 8 = -2*i - 3. Suppose 4*x + x + 3*o - 189 = 0, 0 = -2*x + i*o + 66. What is the units digit of x?
6
Let k(u) = -7*u**3 - 1. Let m be k(-1). Let r = -4 + m. What is the units digit of r?
2
Let f = -118 + 145. What is the units digit of f?
7
Let c(l) = -l**2 - 2*l. Let a be c(-2). Suppose 0*u + 152 = 3*u - r, -4*u + 3*r + 196 = a. Suppose 4*m = -0*m + u. What is the tens digit of m?
1
Suppose 0 = -x + 2*x - 52. What is the units digit of x?
2
Suppose 0 = -4*y - 2*k + 18, 3*k = -3*y + 2*y - 8. What is the units digit of y?
7
Let i = 97 + -68. What is the tens digit of i?
2
Suppose -2*h - 2 = -4*g - 6, 3*h + g = 13. Let n = h - -3. What is the units digit of n?
7
Suppose -172 = -6*s + 176. What is the tens digit of s?
5
Let k be 6/12*(58 + -2). Let d = 51 - k. What is the tens digit of d?
2
Let d be -1 + 2 - (0 - -31). Let o = d + 43. What is the units digit of o?
3
Let t(k) = -4*k - 1. Let d be t(-3). Let h(u) = 2*u**2 - 15*u. Let w be h(d). What is the units digit of (w/14)/(1/2)?
1
Let f = 72 + -27. Let j = f - 31. Suppose 2*c - 3*c = -j. What is the tens digit of c?
1
Let c = 2 + 13. What is the units digit of c?
5
Suppose 0 = 3*m + 3*q - 804, 4*m + 2*q + 3*q = 1075. What is the units digit of m?
5
Let x be (-24*1)/3 - 3. Let l(f) = f**3 + 12*f**2 + 10*f - 11. Let w be l(x). Suppose -5*o + t + 21 = -11, w = -o + 2*t + 10. What is the units digit of o?
6
Suppose 30*n - 139 = 29*n. What is the hundreds digit of n?
1
Let m(j) = -7*j - 6. What is the tens digit of m(-6)?
3
Let a(s) = s**2 + 4*s + 4. Let u = 3 - 6. Let j be a(u). What is the units digit of 8/6*(j + 2)?
4
Let c(r) = -30*r**3 + r**2 + r + 1. What is the tens digit of c(-1)?
3
Let g = 10 + -8. What is the units digit of 5 - (-5 + 4/g)?
8
Suppose -2*j = -3*n - 6*j + 297, -187 = -2*n + j. What is the units digit of n?
5
Let j be (-2)/4 + 15/6. Let n(t) = t + t**2 + 6 + 0*t**3 + j*t**3 + t**3 - 2*t**3. What is the units digit of n(0)?
6
Suppose -4*l - m + 6 = m, 3*m - 9 = 0. What is the tens digit of 10*1 - (-1 - l)?
1
Suppose 5*k = 8*k - 9. Let u(y) = y**3 - y**2 - 2*y - 3. What is the units digit of u(k)?
9
Let x(c) = -38*c - 35. What is the hundreds digit of x(-8)?
2
Suppose 0 = 5*p + c - 1043, c + 108 = p - 97. What is the units digit of p?
8
Let n = -89 + 277. What is the hundreds digit of n?
1
Let q be 3 - 4 - 2/2. What is the units digit of (0 - q)/(0 + 1)?
2
Let r(x) = -3*x. Let a(s) = -s**2 - 6*s - 2. Let g be a(-6). What is the units digit of r(g)?
6
Let g(v) = -3*v**3 - 3*v**2 + 5*v - 2. What is the units digit of g(-4)?
2
Let s(k) = -5*k - 1. What is the units digit of s(-2)?
9
Let z(v) = -v**3 - 18*v**2 - 9*v - 42. What is the hundreds digit of z(-18)?
1
Let h(x) = -x**2 + 7*x + 7. What is the tens digit of h(4)?
1
Let w = 16 + -9. Let b = w - -4. What is the tens digit of b?
1
Let n = 2 - 1. Let q be (2/2 - 2)*n. What is the units digit of 1/(-1) - (q + -4)?
4
Let i(w) = 4*w**2 + 5 + w**3 + 5*w + 1 - 2*w**3 + 0*w**3. Let g(x) = -x**3 + 7*x**2 + 2*x - 9. Let s be g(7). What is the units digit of i(s)?
6
Let s(i) = i**3 + i**2 + 57. Let r be s(0). Suppose 0 = -5*y + r + 3. What is the tens digit of y?
1
Let r = 6 - 3. Suppose 3*g - q - 78 = 2*q, -2*q = -r*g + 83. What is the tens digit of g?
3
What is the units digit of -3*4/(-6)*20?
0
Suppose -142 = -d + 3*s, -2*d - 2*d + 559 = -3*s. Suppose 4*o - d = -19. What is the tens digit of o?
3
Suppose -2*t = 3*j - 60, t - 3*t - 5*j = -56. What is the tens digit of t?
3
Suppose -o = -3*o + 6. Suppose 4 = -o*a + 73. What is the units digit of a?
3
Suppose -4*k + 2*k = -2*t - 8, -5*t = -15. Suppose 0*j - k = -j. Let m(b) = -b + 9. What is the units digit of m(j)?
2
Suppose 1 = -f + 4. Suppose l - h = 20, f*l = 2*l + 5*h + 12. What is the units digit of l?
2
Suppose w - 3*w = -r - 77, 2*r + 190 = 5*w. Suppose 3*z = -3*j + w, 2*z - 21 = -2*z + 5*j. What is the units digit of z?
9
Let h be (-56)/(-2) + -2 + -1. Suppose -205 = -5*o + h. What is the tens digit of o?
4
Suppose -2*i - 3*i + 5 = 0. Let z be (-5 - 1) + i*-2. Let a = -6 - z. What is the units digit of a?
2
Suppose -3*d + 5*d = -2*v, 5*v - d = 18. Suppose -3*c - 1 = u - 6*c, 2*u = -4*c - 12. What is the units digit of -21*u/18*v?
4
Suppose -3*n = -4*p + 83, -5*p - 3*n + 98 = -n. Let t = -7 + p. What is the units digit of t?
3
What is the units digit of (-4)/(-10) + (-10)/(300/(-1638))?
5
Let r = 61 + 4. Suppose 4*q = -q + r. What is the units digit of q?
3
Suppose -2*i - 70 = 3*i. Let b = i + 20. What is the units digit of b?
6
Let j(g) be the first derivative of 3*g**2/2 - 2. Let d be j(3). What is the units digit of (0 - 1)/((-1)/d)?
9
Let b = 5 + -4. Let t = b + 0. What is the units digit of t - 0 - (-10 + 3)?
8
Let z be 2/1 + 5/(-1). Let a = z - -7. What is the units digit of (4/(-8))/((-1)/a)?
2
Suppose 0 = y - 0*y + 4. What is the units digit of 5/(-15)*y*3?
4
Let k(j) = j**2 + 1. Let o be k(-1). Suppose -5*y = 0, -d - o*y = -y - 4. Suppose -3*v + 0*t - 3*t + 6 = 0, v + 3*t = -d. What is the units digit of v?
5
Let n be (-3)/(-6) - (-14)/4. Suppose 0 = -4*x + 6*i - 2*i + 16, 0 = 2*x - 5*i + n. Suppose -24 = -u - x. What is the units digit of u?
6
Suppose -41*b + 40*b = -67. What is the tens digit of b?
6
Suppose 0 = -3*c + 72. What is the tens digit of c?
2
Let j = 13 - 9. Suppose j*s + 31 = 4*m - s, -65 = -5*m + s. What is the tens digit of m?
1
Suppose -5*y + 123 = -3*l - 49, 4*y - 4*l - 144 = 0. Let b = y - 19. What is the units digit of b?
3
Let v(n) = n**3 - 6*n**2 + 5*n - 6. Let z be v(4). Let w = z - -42. What is the tens digit of w?
2
Suppose -w = -4*r - 41, 2*w - r - 3*r = 102. What is the tens digit of w?
6
Let a be (-1)/(-2)*(2 - 2). Let h = a - -5. Suppose 2*o = -h*q + 27, -4*q + 0*o + 23 = 3*o. What is the units digit of q?
5
What is the hundreds digit of 0 - (-4)/(20/695)?
1
Suppose 8*f - 3*f = 495. What is the tens digit of f?
9
Suppose -2*a = -6 - 234. What is the hundreds digit of a?
1
What is the tens digit of -6 + 9 - (-38 + -1)?
4
What is the hundreds digit of 26*(-3 - 34/(-4))?
1
Suppose -5*s - 1 + 41 = 0. Suppose 4*h = 8 + 8. Let r = s - h. What is the units digit 